{"id":187,"date":"2025-07-04T18:24:48","date_gmt":"2025-07-04T16:24:48","guid":{"rendered":"http:\/\/linventeurfou.com\/?page_id=187"},"modified":"2025-12-04T15:06:20","modified_gmt":"2025-12-04T14:06:20","slug":"lieux-de-tournage","status":"publish","type":"page","link":"https:\/\/linventeurfou.com\/index.php\/lieux-de-tournage\/","title":{"rendered":"Lieux de tournage"},"content":{"rendered":"\t\t<div data-elementor-type=\"wp-page\" data-elementor-id=\"187\" class=\"elementor elementor-187\">\n\t\t\t\t<div class=\"elementor-element elementor-element-d35703d e-flex e-con-boxed e-con e-parent\" data-id=\"d35703d\" data-element_type=\"container\" data-e-type=\"container\">\n\t\t\t\t\t<div class=\"e-con-inner\">\n\t\t\t\t<div class=\"elementor-element elementor-element-f41b122 elementor-widget elementor-widget-text-editor\" data-id=\"f41b122\" data-element_type=\"widget\" data-e-type=\"widget\" data-widget_type=\"text-editor.default\">\n\t\t\t\t<div class=\"elementor-widget-container\">\n\t\t\t\t\t\t\t\t\t<p>L\u2019aventure <strong>L\u2019Inventeur Fou<\/strong> se d\u00e9roule en <strong>Gironde<\/strong>, au c\u0153ur d\u2019un territoire qui nous inspire.<\/p><p>Un immense merci \u00e0<strong> la mairie de Sainte-Eulalie<\/strong>, ayant gracieusement mis \u00e0 la disposition de l&rsquo;\u00e9quipe du film les infrastructures n\u00e9cessaires au tournage, avec <strong>le soutien pr\u00e9cieux de M. le Maire Hubert Laporte<\/strong>.<br \/>Un geste de confiance et d\u2019encouragement qui nous permet de cr\u00e9er dans de bonnes conditions, avec le sourire.<br \/>Certaines sc\u00e8nes sont \u00e9galement tourn\u00e9es dans <strong>des lieux embl\u00e9matiques de la r\u00e9gion<\/strong> (<span style=\"color: #f8cb48;\"><em><a href=\"https:\/\/ladunedupilat.com\/\" rel=\"nofollow noopener\" target=\"_blank\">Dune du Pyla<\/a>, <a href=\"https:\/\/vieux-bordeaux.fr\/lieux-monuments\/place-des-quinconces\/\" rel=\"nofollow noopener\" target=\"_blank\">place<\/a><\/em><\/span><br \/><span style=\"color: #f8cb48;\"><em>des Quinconces, <a href=\"https:\/\/www.saint-emilion-tourisme.com\/fr\/\" rel=\"nofollow noopener\" target=\"_blank\">Saint Emilion<\/a><\/em>\u2026<\/span>).<\/p><p>Ce film est aussi <strong>une lettre d\u2019amour<\/strong> \u00e0 notre territoire.<\/p><p><strong>Merci \u00e0 tous ceux qui ouvrent leurs portes et leur c\u0153ur \u00e0 notre projet !<\/strong><\/p>\t\t\t\t\t\t\t\t<\/div>\n\t\t\t\t<\/div>\n\t\t\t\t<div class=\"elementor-element elementor-element-2b955fa elementor-arrows-position-outside elementor-widget__width-initial elementor-pagination-position-outside elementor-widget elementor-widget-image-carousel\" data-id=\"2b955fa\" data-element_type=\"widget\" data-e-type=\"widget\" data-settings=\"{&quot;slides_to_show&quot;:&quot;4&quot;,&quot;navigation&quot;:&quot;both&quot;,&quot;autoplay&quot;:&quot;yes&quot;,&quot;pause_on_hover&quot;:&quot;yes&quot;,&quot;pause_on_interaction&quot;:&quot;yes&quot;,&quot;autoplay_speed&quot;:5000,&quot;infinite&quot;:&quot;yes&quot;,&quot;speed&quot;:500,&quot;image_spacing_custom&quot;:{&quot;unit&quot;:&quot;px&quot;,&quot;size&quot;:20,&quot;sizes&quot;:[]},&quot;image_spacing_custom_tablet&quot;:{&quot;unit&quot;:&quot;px&quot;,&quot;size&quot;:&quot;&quot;,&quot;sizes&quot;:[]},&quot;image_spacing_custom_mobile&quot;:{&quot;unit&quot;:&quot;px&quot;,&quot;size&quot;:&quot;&quot;,&quot;sizes&quot;:[]}}\" data-widget_type=\"image-carousel.default\">\n\t\t\t\t<div class=\"elementor-widget-container\">\n\t\t\t\t\t\t\t<div class=\"elementor-image-carousel-wrapper swiper\" role=\"region\" aria-roledescription=\"carousel\" aria-label=\"Carrousel d\u2019images\" dir=\"ltr\">\n\t\t\t<div class=\"elementor-image-carousel swiper-wrapper swiper-image-stretch\" aria-live=\"off\">\n\t\t\t\t\t\t\t\t<div class=\"swiper-slide\" role=\"group\" aria-roledescription=\"slide\" aria-label=\"1 sur 4\"><figure class=\"swiper-slide-inner\"><img decoding=\"async\" class=\"swiper-slide-image\" src=\"https:\/\/linventeurfou.com\/wp-content\/uploads\/2025\/07\/Capture-decran-2025-07-04-183908.png\" alt=\"Projet cr\u00e9atif d\u2019inventeur fou et d\u2019invention farfelue, film amateur de cin\u00e9ma ind\u00e9pendant r\u00e9alis\u00e9 en Gironde \u00e0 Sainte-Eulalie.\" \/><\/figure><\/div><div class=\"swiper-slide\" role=\"group\" aria-roledescription=\"slide\" aria-label=\"2 sur 4\"><figure class=\"swiper-slide-inner\"><img decoding=\"async\" class=\"swiper-slide-image\" src=\"https:\/\/linventeurfou.com\/wp-content\/uploads\/2025\/07\/Ste_Eulalie_Mairie-1024x685.jpg\" alt=\"Projet cr\u00e9atif d\u2019inventeur fou et d\u2019invention farfelue, film amateur de cin\u00e9ma ind\u00e9pendant r\u00e9alis\u00e9 en Gironde \u00e0 Sainte-Eulalie.\" \/><\/figure><\/div><div class=\"swiper-slide\" role=\"group\" aria-roledescription=\"slide\" aria-label=\"3 sur 4\"><figure class=\"swiper-slide-inner\"><img decoding=\"async\" class=\"swiper-slide-image\" src=\"https:\/\/linventeurfou.com\/wp-content\/uploads\/2025\/07\/HubertLaporte-1024x512.jpg\" alt=\"Projet cr\u00e9atif d\u2019inventeur fou et d\u2019invention farfelue, film amateur de cin\u00e9ma ind\u00e9pendant r\u00e9alis\u00e9 en Gironde \u00e0 Sainte-Eulalie.\" \/><\/figure><\/div><div class=\"swiper-slide\" role=\"group\" aria-roledescription=\"slide\" aria-label=\"4 sur 4\"><figure class=\"swiper-slide-inner\"><img decoding=\"async\" class=\"swiper-slide-image\" src=\"https:\/\/linventeurfou.com\/wp-content\/uploads\/2025\/07\/ma-commune-de-saint-eulalie.jpg\" alt=\"Projet cr\u00e9atif d\u2019inventeur fou et d\u2019invention farfelue, film amateur de cin\u00e9ma ind\u00e9pendant r\u00e9alis\u00e9 en Gironde \u00e0 Sainte-Eulalie.\" \/><\/figure><\/div>\t\t\t<\/div>\n\t\t\t\t\t\t\t\t\t\t\t\t<div class=\"elementor-swiper-button elementor-swiper-button-prev\" role=\"button\" tabindex=\"0\">\n\t\t\t\t\t\t<svg aria-hidden=\"true\" class=\"e-font-icon-svg e-eicon-chevron-left\" viewBox=\"0 0 1000 1000\" xmlns=\"http:\/\/www.w3.org\/2000\/svg\"><path d=\"M646 125C629 125 613 133 604 142L308 442C296 454 292 471 292 487 292 504 296 521 308 533L604 854C617 867 629 875 646 875 663 875 679 871 692 858 704 846 713 829 713 812 713 796 708 779 692 767L438 487 692 225C700 217 708 204 708 187 708 171 704 154 692 142 675 129 663 125 646 125Z\"><\/path><\/svg>\t\t\t\t\t<\/div>\n\t\t\t\t\t<div class=\"elementor-swiper-button elementor-swiper-button-next\" role=\"button\" tabindex=\"0\">\n\t\t\t\t\t\t<svg aria-hidden=\"true\" class=\"e-font-icon-svg e-eicon-chevron-right\" viewBox=\"0 0 1000 1000\" xmlns=\"http:\/\/www.w3.org\/2000\/svg\"><path d=\"M696 533C708 521 713 504 713 487 713 471 708 454 696 446L400 146C388 133 375 125 354 125 338 125 325 129 313 142 300 154 292 171 292 187 292 204 296 221 308 233L563 492 304 771C292 783 288 800 288 817 288 833 296 850 308 863 321 871 338 875 354 875 371 875 388 867 400 854L696 533Z\"><\/path><\/svg>\t\t\t\t\t<\/div>\n\t\t\t\t\n\t\t\t\t\t\t\t\t\t<div class=\"swiper-pagination\"><\/div>\n\t\t\t\t\t\t\t\t\t<\/div>\n\t\t\t\t\t\t<\/div>\n\t\t\t\t<\/div>\n\t\t\t\t\t<\/div>\n\t\t\t\t<\/div>\n\t\t\t\t<\/div>\n\t\t","protected":false},"excerpt":{"rendered":"<p>L\u2019aventure L\u2019Inventeur Fou se d\u00e9roule en Gironde, au c\u0153ur d\u2019un territoire qui nous inspire. Un immense merci \u00e0 la mairie [&hellip;]<\/p>\n","protected":false},"author":3,"featured_media":0,"parent":0,"menu_order":0,"comment_status":"closed","ping_status":"closed","template":"","meta":{"site-sidebar-layout":"no-sidebar","site-content-layout":"","ast-site-content-layout":"full-width-container","site-content-style":"default","site-sidebar-style":"default","ast-global-header-display":"","ast-banner-title-visibility":"","ast-main-header-display":"","ast-hfb-above-header-display":"","ast-hfb-below-header-display":"","ast-hfb-mobile-header-display":"","site-post-title":"disabled","ast-breadcrumbs-content":"","ast-featured-img":"disabled","footer-sml-layout":"","ast-disable-related-posts":"","theme-transparent-header-meta":"","adv-header-id-meta":"","stick-header-meta":"","header-above-stick-meta":"","header-main-stick-meta":"","header-below-stick-meta":"","astra-migrate-meta-layouts":"default","ast-page-background-enabled":"default","ast-page-background-meta":{"desktop":{"background-color":"var(--ast-global-color-5)","background-image":"","background-repeat":"repeat","background-position":"center center","background-size":"auto","background-attachment":"scroll","background-type":"","background-media":"","overlay-type":"","overlay-color":"","overlay-opacity":"","overlay-gradient":""},"tablet":{"background-color":"","background-image":"","background-repeat":"repeat","background-position":"center center","background-size":"auto","background-attachment":"scroll","background-type":"","background-media":"","overlay-type":"","overlay-color":"","overlay-opacity":"","overlay-gradient":""},"mobile":{"background-color":"","background-image":"","background-repeat":"repeat","background-position":"center center","background-size":"auto","background-attachment":"scroll","background-type":"","background-media":"","overlay-type":"","overlay-color":"","overlay-opacity":"","overlay-gradient":""}},"ast-content-background-meta":{"desktop":{"background-color":"var(--ast-global-color-4)","background-image":"","background-repeat":"repeat","background-position":"center center","background-size":"auto","background-attachment":"scroll","background-type":"","background-media":"","overlay-type":"","overlay-color":"","overlay-opacity":"","overlay-gradient":""},"tablet":{"background-color":"var(--ast-global-color-4)","background-image":"","background-repeat":"repeat","background-position":"center center","background-size":"auto","background-attachment":"scroll","background-type":"","background-media":"","overlay-type":"","overlay-color":"","overlay-opacity":"","overlay-gradient":""},"mobile":{"background-color":"var(--ast-global-color-4)","background-image":"","background-repeat":"repeat","background-position":"center center","background-size":"auto","background-attachment":"scroll","background-type":"","background-media":"","overlay-type":"","overlay-color":"","overlay-opacity":"","overlay-gradient":""}},"footnotes":""},"class_list":["post-187","page","type-page","status-publish","hentry"],"_links":{"self":[{"href":"https:\/\/linventeurfou.com\/index.php\/wp-json\/wp\/v2\/pages\/187","targetHints":{"allow":["GET"]}}],"collection":[{"href":"https:\/\/linventeurfou.com\/index.php\/wp-json\/wp\/v2\/pages"}],"about":[{"href":"https:\/\/linventeurfou.com\/index.php\/wp-json\/wp\/v2\/types\/page"}],"author":[{"embeddable":true,"href":"https:\/\/linventeurfou.com\/index.php\/wp-json\/wp\/v2\/users\/3"}],"replies":[{"embeddable":true,"href":"https:\/\/linventeurfou.com\/index.php\/wp-json\/wp\/v2\/comments?post=187"}],"version-history":[{"count":22,"href":"https:\/\/linventeurfou.com\/index.php\/wp-json\/wp\/v2\/pages\/187\/revisions"}],"predecessor-version":[{"id":1217,"href":"https:\/\/linventeurfou.com\/index.php\/wp-json\/wp\/v2\/pages\/187\/revisions\/1217"}],"wp:attachment":[{"href":"https:\/\/linventeurfou.com\/index.php\/wp-json\/wp\/v2\/media?parent=187"}],"curies":[{"name":"wp","href":"https:\/\/api.w.org\/{rel}","templated":true}]}}