{"id":387,"date":"2025-07-07T16:37:12","date_gmt":"2025-07-07T14:37:12","guid":{"rendered":"http:\/\/linventeurfou.com\/?page_id=387"},"modified":"2025-11-26T14:37:17","modified_gmt":"2025-11-26T13:37:17","slug":"comment-le-recevoir","status":"publish","type":"page","link":"https:\/\/linventeurfou.com\/index.php\/comment-le-recevoir\/","title":{"rendered":"Comment le recevoir ?"},"content":{"rendered":"\t\t<div data-elementor-type=\"wp-page\" data-elementor-id=\"387\" class=\"elementor elementor-387\">\n\t\t\t\t<div class=\"elementor-element elementor-element-a7a9dc3 e-flex e-con-boxed e-con e-parent\" data-id=\"a7a9dc3\" data-element_type=\"container\" data-e-type=\"container\">\n\t\t\t\t\t<div class=\"e-con-inner\">\n\t\t\t\t<div class=\"elementor-element elementor-element-6f02355 elementor-widget elementor-widget-image\" data-id=\"6f02355\" data-element_type=\"widget\" data-e-type=\"widget\" data-widget_type=\"image.default\">\n\t\t\t\t<div class=\"elementor-widget-container\">\n\t\t\t\t\t\t\t\t\t\t\t\t\t\t\t<img fetchpriority=\"high\" decoding=\"async\" width=\"1024\" height=\"736\" src=\"https:\/\/linventeurfou.com\/wp-content\/uploads\/2025\/07\/maquette-book2-pica1-1024x736.png\" class=\"attachment-large size-large wp-image-133\" alt=\"Projet cr\u00e9atif d\u2019inventeur fou et d\u2019invention farfelue, film amateur de cin\u00e9ma ind\u00e9pendant r\u00e9alis\u00e9 en Gironde \u00e0 Sainte-Eulalie.\" srcset=\"https:\/\/linventeurfou.com\/wp-content\/uploads\/2025\/07\/maquette-book2-pica1-1024x736.png 1024w, https:\/\/linventeurfou.com\/wp-content\/uploads\/2025\/07\/maquette-book2-pica1-300x216.png 300w, https:\/\/linventeurfou.com\/wp-content\/uploads\/2025\/07\/maquette-book2-pica1-768x552.png 768w, https:\/\/linventeurfou.com\/wp-content\/uploads\/2025\/07\/maquette-book2-pica1-1536x1104.png 1536w, https:\/\/linventeurfou.com\/wp-content\/uploads\/2025\/07\/maquette-book2-pica1-2048x1472.png 2048w, https:\/\/linventeurfou.com\/wp-content\/uploads\/2025\/07\/maquette-book2-pica1-600x431.png 600w\" sizes=\"(max-width: 1024px) 100vw, 1024px\" \/>\t\t\t\t\t\t\t\t\t\t\t\t\t\t\t<\/div>\n\t\t\t\t<\/div>\n\t\t\t\t<div class=\"elementor-element elementor-element-e60b62b elementor-widget elementor-widget-heading\" data-id=\"e60b62b\" data-element_type=\"widget\" data-e-type=\"widget\" data-widget_type=\"heading.default\">\n\t\t\t\t<div class=\"elementor-widget-container\">\n\t\t\t\t\t<h2 class=\"elementor-heading-title elementor-size-default\">Lanc\u00e9 en novembre : disponible sur Amazon<\/h2>\t\t\t\t<\/div>\n\t\t\t\t<\/div>\n\t\t\t\t<div class=\"elementor-element elementor-element-8b024f7 elementor-align-center elementor-widget elementor-widget-button\" data-id=\"8b024f7\" data-element_type=\"widget\" data-e-type=\"widget\" data-widget_type=\"button.default\">\n\t\t\t\t<div class=\"elementor-widget-container\">\n\t\t\t\t\t\t\t\t\t<div class=\"elementor-button-wrapper\">\n\t\t\t\t\t<a class=\"elementor-button elementor-button-link elementor-size-sm\" href=\"https:\/\/www.amazon.fr\/Linventeur-Fou-Aventure-Cin%C3%A9matographique-partie\/dp\/B0G2MJ353Z\/ref=sr_1_1?__mk_fr_FR=%C3%85M%C3%85%C5%BD%C3%95%C3%91&#038;crid=1T60MFQ525A2L&#038;dib=eyJ2IjoiMSJ9.S7CMyH3ibFkkDLUkPjbEOhNQ6KpndKtdL4kUYCVpG-cjW4A8wieUAImLvFPMlAGwkcPs0NsJpLQLtiWBHsJqJ4o0aY2jFJD7wK6rfzIWFJk.rJVT4P2hHY9gHR3l3s0XYGhGCUYMCAeex3gX1w_xmAE&#038;dib_tag=se&#038;keywords=l%27inventeur+fou&#038;qid=1764163182&#038;sprefix=l%27inventeur+fou%2Caps%2C73&#038;sr=8-1\" target=\"_blank\" rel=\"nofollow noopener\">\n\t\t\t\t\t\t<span class=\"elementor-button-content-wrapper\">\n\t\t\t\t\t\t\t\t\t<span class=\"elementor-button-text\">Commander le livre<\/span>\n\t\t\t\t\t<\/span>\n\t\t\t\t\t<\/a>\n\t\t\t\t<\/div>\n\t\t\t\t\t\t\t\t<\/div>\n\t\t\t\t<\/div>\n\t\t\t\t\t<\/div>\n\t\t\t\t<\/div>\n\t\t\t\t<\/div>\n\t\t","protected":false},"excerpt":{"rendered":"<p>Lanc\u00e9 en novembre : disponible sur Amazon Commander le livre<\/p>\n","protected":false},"author":3,"featured_media":0,"parent":0,"menu_order":0,"comment_status":"closed","ping_status":"closed","template":"","meta":{"site-sidebar-layout":"no-sidebar","site-content-layout":"","ast-site-content-layout":"full-width-container","site-content-style":"default","site-sidebar-style":"default","ast-global-header-display":"","ast-banner-title-visibility":"","ast-main-header-display":"","ast-hfb-above-header-display":"","ast-hfb-below-header-display":"","ast-hfb-mobile-header-display":"","site-post-title":"disabled","ast-breadcrumbs-content":"","ast-featured-img":"disabled","footer-sml-layout":"","ast-disable-related-posts":"","theme-transparent-header-meta":"","adv-header-id-meta":"","stick-header-meta":"","header-above-stick-meta":"","header-main-stick-meta":"","header-below-stick-meta":"","astra-migrate-meta-layouts":"default","ast-page-background-enabled":"default","ast-page-background-meta":{"desktop":{"background-color":"var(--ast-global-color-5)","background-image":"","background-repeat":"repeat","background-position":"center center","background-size":"auto","background-attachment":"scroll","background-type":"","background-media":"","overlay-type":"","overlay-color":"","overlay-opacity":"","overlay-gradient":""},"tablet":{"background-color":"","background-image":"","background-repeat":"repeat","background-position":"center center","background-size":"auto","background-attachment":"scroll","background-type":"","background-media":"","overlay-type":"","overlay-color":"","overlay-opacity":"","overlay-gradient":""},"mobile":{"background-color":"","background-image":"","background-repeat":"repeat","background-position":"center center","background-size":"auto","background-attachment":"scroll","background-type":"","background-media":"","overlay-type":"","overlay-color":"","overlay-opacity":"","overlay-gradient":""}},"ast-content-background-meta":{"desktop":{"background-color":"var(--ast-global-color-4)","background-image":"","background-repeat":"repeat","background-position":"center center","background-size":"auto","background-attachment":"scroll","background-type":"","background-media":"","overlay-type":"","overlay-color":"","overlay-opacity":"","overlay-gradient":""},"tablet":{"background-color":"var(--ast-global-color-4)","background-image":"","background-repeat":"repeat","background-position":"center center","background-size":"auto","background-attachment":"scroll","background-type":"","background-media":"","overlay-type":"","overlay-color":"","overlay-opacity":"","overlay-gradient":""},"mobile":{"background-color":"var(--ast-global-color-4)","background-image":"","background-repeat":"repeat","background-position":"center center","background-size":"auto","background-attachment":"scroll","background-type":"","background-media":"","overlay-type":"","overlay-color":"","overlay-opacity":"","overlay-gradient":""}},"footnotes":""},"class_list":["post-387","page","type-page","status-publish","hentry"],"_links":{"self":[{"href":"https:\/\/linventeurfou.com\/index.php\/wp-json\/wp\/v2\/pages\/387","targetHints":{"allow":["GET"]}}],"collection":[{"href":"https:\/\/linventeurfou.com\/index.php\/wp-json\/wp\/v2\/pages"}],"about":[{"href":"https:\/\/linventeurfou.com\/index.php\/wp-json\/wp\/v2\/types\/page"}],"author":[{"embeddable":true,"href":"https:\/\/linventeurfou.com\/index.php\/wp-json\/wp\/v2\/users\/3"}],"replies":[{"embeddable":true,"href":"https:\/\/linventeurfou.com\/index.php\/wp-json\/wp\/v2\/comments?post=387"}],"version-history":[{"count":11,"href":"https:\/\/linventeurfou.com\/index.php\/wp-json\/wp\/v2\/pages\/387\/revisions"}],"predecessor-version":[{"id":1140,"href":"https:\/\/linventeurfou.com\/index.php\/wp-json\/wp\/v2\/pages\/387\/revisions\/1140"}],"wp:attachment":[{"href":"https:\/\/linventeurfou.com\/index.php\/wp-json\/wp\/v2\/media?parent=387"}],"curies":[{"name":"wp","href":"https:\/\/api.w.org\/{rel}","templated":true}]}}